{"id":262,"date":"2023-07-29T11:39:55","date_gmt":"2023-07-29T14:39:55","guid":{"rendered":"https:\/\/ekolartcevre.com.tr\/?page_id=262"},"modified":"2023-07-29T11:41:39","modified_gmt":"2023-07-29T14:41:39","slug":"sifir-atik-belgesinin-alinmasi","status":"publish","type":"page","link":"https:\/\/ekolartcevre.com.tr\/?page_id=262","title":{"rendered":"SIFIR ATIK BELGES\u0130N\u0130N ALINMASI"},"content":{"rendered":"\n<div class=\"is-layout-flex wp-container-3 wp-block-columns\">\n<div class=\"is-layout-flow wp-block-column\">\n<figure class=\"wp-block-table is-style-regular\"><table><tbody><tr><td>S\u0131f\u0131r At\u0131k Belgesi, S\u0131f\u0131r At\u0131k Y\u00f6netmeli\u011fi\u2019nin Ek-1\u2019inde yer alan faaliyetlere \u00c7evre, \u015eehircilik ve \u0130klim De\u011fi\u015fikli\u011fi \u0130l M\u00fcd\u00fcrl\u00fcklerince verilir.<br><br> &nbsp; At\u0131klar\u0131n biriktirilece\u011fi kaplar\u0131n renkleri;<br>&#8211; Ka\u011f\u0131t At\u0131klar : Mavi <br>&#8211; Plastik At\u0131klar : Sar\u0131 <br>&#8211; Cam At\u0131klar : Ye\u015fil <br>&#8211; Metal At\u0131klar : A\u00e7\u0131k Gri <br>&#8211; Biyobozunur At\u0131klar : Kahverengi <br>&#8211; \u0130la\u00e7 At\u0131klar\u0131 : Beyaz <br>&#8211; Konutlarda Geri Kazan\u0131l\u0131r At\u0131klar : Mavi <br>&#8211; Konutlarda Di\u011fer At\u0131klar : Koyu Gri<\/td><\/tr><\/tbody><\/table><\/figure>\n<\/div>\n\n\n\n<div class=\"is-layout-flow wp-block-column\">\n<div class=\"forminator-guttenberg\"><div class=\"forminator-ui forminator-custom-form forminator-custom-form-265 forminator-design--default  forminator_ajax\" data-forminator-render=\"0\" data-form=\"forminator-module-265\" data-uid=\"69e4c1b1d9ecc\"><br\/><\/div><form\n\t\t\t\tid=\"forminator-module-265\"\n\t\t\t\tclass=\"forminator-ui forminator-custom-form forminator-custom-form-265 forminator-design--default  forminator_ajax\"\n\t\t\t\tmethod=\"post\"\n\t\t\t\tdata-forminator-render=\"0\"\n\t\t\t\tdata-form-id=\"265\"\n\t\t\t\t\n\t\t\t\tdata-design=\"default\"\n\t\t\t\t\n\t\t\t\t\n\t\t\t\t\n\t\t\t\tdata-grid=\"open\"\n\t\t\t\t\n\t\t\t\t\n\t\t\t\tstyle=\"display: none;\"\n\t\t\t\t\n\t\t\t\tdata-uid=\"69e4c1b1d9ecc\"\n\t\t\t><div class=\"forminator-response-message forminator-error\" aria-hidden=\"true\"><\/div><div class=\"forminator-row\"><div id=\"name-1\" class=\"forminator-col forminator-col-12 \"><div class=\"forminator-field\"><label for=\"forminator-field-name-1_69e4c1b1d9ecc\" class=\"forminator-label\">Kurum-Kurulu\u015f Unvan\u0131 <span class=\"forminator-required\">*<\/span><\/label><input type=\"text\" name=\"name-1\" value=\"\" placeholder=\"\" id=\"forminator-field-name-1_69e4c1b1d9ecc\" class=\"forminator-input forminator-name--field\" aria-required=\"true\" \/><\/div><\/div><\/div><div class=\"forminator-row\"><div id=\"text-1\" class=\"forminator-col forminator-col-12 \"><div class=\"forminator-field\"><label for=\"forminator-field-text-1_69e4c1b1d9ecc\" class=\"forminator-label\">Faaliyetin Yeri <span class=\"forminator-required\">*<\/span><\/label><input type=\"text\" name=\"text-1\" value=\"\" placeholder=\"\" id=\"forminator-field-text-1_69e4c1b1d9ecc\" class=\"forminator-input forminator-name--field\" data-required=\"1\" \/><\/div><\/div><\/div><div class=\"forminator-row\"><div id=\"text-3\" class=\"forminator-col forminator-col-12 \"><div class=\"forminator-field\"><label for=\"forminator-field-text-3_69e4c1b1d9ecc\" class=\"forminator-label\">S\u0131f\u0131r At\u0131k Belgesi Hangi Faaliyet i\u00e7in Al\u0131nacak <span class=\"forminator-required\">*<\/span><\/label><input type=\"text\" name=\"text-3\" value=\"\" placeholder=\"\" id=\"forminator-field-text-3_69e4c1b1d9ecc\" class=\"forminator-input forminator-name--field\" data-required=\"1\" \/><\/div><\/div><\/div><div class=\"forminator-row\"><div id=\"name-2\" class=\"forminator-col forminator-col-4 \"><div class=\"forminator-field\"><label for=\"forminator-field-name-2_69e4c1b1d9ecc\" class=\"forminator-label\">Teklif \u0130steyen Ki\u015fi <span class=\"forminator-required\">*<\/span><\/label><input type=\"text\" name=\"name-2\" value=\"\" placeholder=\"\" id=\"forminator-field-name-2_69e4c1b1d9ecc\" class=\"forminator-input forminator-name--field\" aria-required=\"true\" \/><\/div><\/div><div id=\"phone-1\" class=\"forminator-col forminator-col-4 \"><div class=\"forminator-field\"><label for=\"forminator-field-phone-1_69e4c1b1d9ecc\" class=\"forminator-label\">Telefon <span class=\"forminator-required\">*<\/span><\/label><input type=\"text\" name=\"phone-1\" value=\"\" placeholder=\"\" id=\"forminator-field-phone-1_69e4c1b1d9ecc\" class=\"forminator-input forminator-field--phone\" data-required=\"1\" aria-required=\"true\" autocomplete=\"off\" data-national_mode=\"enabled\" data-country=\"tr\" data-validation=\"standard\" \/><\/div><\/div><div id=\"email-1\" class=\"forminator-col forminator-col-4 \"><div class=\"forminator-field\"><label for=\"forminator-field-email-1_69e4c1b1d9ecc\" class=\"forminator-label\">E-posta Adresi <span class=\"forminator-required\">*<\/span><\/label><input type=\"email\" name=\"email-1\" value=\"\" placeholder=\"\" id=\"forminator-field-email-1_69e4c1b1d9ecc\" class=\"forminator-input forminator-email--field\" data-required=\"1\" aria-required=\"true\" \/><\/div><\/div><\/div><div class=\"forminator-row\"><div id=\"textarea-1\" class=\"forminator-col forminator-col-12 \"><div class=\"forminator-field\"><label for=\"forminator-field-textarea-1_69e4c1b1d9ecc\" class=\"forminator-label\">A\u00e7\u0131klama<\/label><textarea name=\"textarea-1\" placeholder=\"\" id=\"forminator-field-textarea-1_69e4c1b1d9ecc\" class=\"forminator-textarea\" rows=\"6\" style=\"min-height:140px;\" ><\/textarea><\/div><\/div><\/div><input type=\"hidden\" name=\"referer_url\" value=\"\" \/><div class=\"forminator-row forminator-row-last\"><div class=\"forminator-col\"><div class=\"forminator-field\"><button class=\"forminator-button forminator-button-submit\">Mesaj G&ouml;nder<\/button><\/div><\/div><\/div><input type=\"hidden\" id=\"forminator_nonce\" name=\"forminator_nonce\" value=\"fcc0bc0a0d\" \/><input type=\"hidden\" name=\"_wp_http_referer\" value=\"\/index.php?rest_route=%2Fwp%2Fv2%2Fpages%2F262\" \/><input type=\"hidden\" name=\"form_id\" value=\"265\"><input type=\"hidden\" name=\"page_id\" value=\"262\"><input type=\"hidden\" name=\"form_type\" value=\"default\"><input type=\"hidden\" name=\"current_url\" value=\"https:\/\/ekolartcevre.com.tr\/?page_id=262\"><input type=\"hidden\" name=\"render_id\" value=\"0\"><input type=\"hidden\" name=\"action\" value=\"forminator_submit_form_custom-forms\"><\/form><\/div>\n<\/div>\n<\/div>\n","protected":false},"excerpt":{"rendered":"<p>S\u0131f\u0131r At\u0131k Belgesi, S\u0131f\u0131r At\u0131k Y\u00f6netmeli\u011fi\u2019nin Ek-1\u2019inde yer alan faaliyetlere \u00c7evre, \u015eehircilik ve \u0130klim De\u011fi\u015fikli\u011fi \u0130l M\u00fcd\u00fcrl\u00fcklerince verilir. &nbsp; At\u0131klar\u0131n biriktirilece\u011fi kaplar\u0131n renkleri;&#8211; Ka\u011f\u0131t At\u0131klar : Mavi &#8211; Plastik At\u0131klar : Sar\u0131 &#8211; Cam At\u0131klar : Ye\u015fil &#8211; Metal At\u0131klar : A\u00e7\u0131k Gri &#8211; Biyobozunur At\u0131klar : Kahverengi &#8211; \u0130la\u00e7 At\u0131klar\u0131 : Beyaz &#8211; Konutlarda &hellip;<\/p>\n<p class=\"read-more\"> <a class=\"\" href=\"https:\/\/ekolartcevre.com.tr\/?page_id=262\"> <span class=\"screen-reader-text\">SIFIR ATIK BELGES\u0130N\u0130N ALINMASI<\/span> Devam\u0131 &raquo;<\/a><\/p>\n","protected":false},"author":1,"featured_media":0,"parent":0,"menu_order":0,"comment_status":"closed","ping_status":"closed","template":"","meta":{"_uag_custom_page_level_css":"","site-sidebar-layout":"default","site-content-layout":"default","ast-global-header-display":"","ast-main-header-display":"","ast-hfb-above-header-display":"","ast-hfb-below-header-display":"","ast-hfb-mobile-header-display":"","site-post-title":"","ast-breadcrumbs-content":"","ast-featured-img":"","footer-sml-layout":"","theme-transparent-header-meta":"","adv-header-id-meta":"","stick-header-meta":"","header-above-stick-meta":"","header-main-stick-meta":"","header-below-stick-meta":""},"uagb_featured_image_src":{"full":false,"thumbnail":false,"medium":false,"medium_large":false,"large":false,"1536x1536":false,"2048x2048":false},"uagb_author_info":{"display_name":"admin","author_link":"https:\/\/ekolartcevre.com.tr\/?author=1"},"uagb_comment_info":0,"uagb_excerpt":"S\u0131f\u0131r At\u0131k Belgesi, S\u0131f\u0131r At\u0131k Y\u00f6netmeli\u011fi\u2019nin Ek-1\u2019inde yer alan faaliyetlere \u00c7evre, \u015eehircilik ve \u0130klim De\u011fi\u015fikli\u011fi \u0130l M\u00fcd\u00fcrl\u00fcklerince verilir. &nbsp; At\u0131klar\u0131n biriktirilece\u011fi kaplar\u0131n renkleri;&#8211; Ka\u011f\u0131t At\u0131klar : Mavi &#8211; Plastik At\u0131klar : Sar\u0131 &#8211; Cam At\u0131klar : Ye\u015fil &#8211; Metal At\u0131klar : A\u00e7\u0131k Gri &#8211; Biyobozunur At\u0131klar : Kahverengi &#8211; \u0130la\u00e7 At\u0131klar\u0131 : Beyaz &#8211; Konutlarda&hellip;","_links":{"self":[{"href":"https:\/\/ekolartcevre.com.tr\/index.php?rest_route=\/wp\/v2\/pages\/262"}],"collection":[{"href":"https:\/\/ekolartcevre.com.tr\/index.php?rest_route=\/wp\/v2\/pages"}],"about":[{"href":"https:\/\/ekolartcevre.com.tr\/index.php?rest_route=\/wp\/v2\/types\/page"}],"author":[{"embeddable":true,"href":"https:\/\/ekolartcevre.com.tr\/index.php?rest_route=\/wp\/v2\/users\/1"}],"replies":[{"embeddable":true,"href":"https:\/\/ekolartcevre.com.tr\/index.php?rest_route=%2Fwp%2Fv2%2Fcomments&post=262"}],"version-history":[{"count":3,"href":"https:\/\/ekolartcevre.com.tr\/index.php?rest_route=\/wp\/v2\/pages\/262\/revisions"}],"predecessor-version":[{"id":266,"href":"https:\/\/ekolartcevre.com.tr\/index.php?rest_route=\/wp\/v2\/pages\/262\/revisions\/266"}],"wp:attachment":[{"href":"https:\/\/ekolartcevre.com.tr\/index.php?rest_route=%2Fwp%2Fv2%2Fmedia&parent=262"}],"curies":[{"name":"wp","href":"https:\/\/api.w.org\/{rel}","templated":true}]}}